16*c + 35. Let t be w(-10). Let n = -13 + t. What is the tens digit of n?
8
Suppose 96585 + 42167 = 64*g. What is the units digit of g?
8
Let j = -15 - -15. Suppose g = 4*s - 471, -481 = -4*s - j*s - g. What is the hundreds digit of s?
1
Let g(c) be the second derivative of 13*c**3/6 + 13*c**2/2 + 19*c. What is the units digit of g(4)?
5
Let m = -32 + 28. Let v(h) = -h**3 - 4*h**2 - 4*h + 5. What is the tens digit of v(m)?
2
Let t(a) = -a**3 + 63*a**2 + 97*a - 239. What is the hundreds digit of t(64)?
8
Let g = 138 + -95. Suppose 3*y = y + 4*q, 5*q + 3 = 4*y. What is the units digit of g/6 - y/12?
7
Let n(j) = 38*j - 2. Suppose 3*k - 2 - 4 = 0. What is the tens digit of n(k)?
7
Suppose 4*b - 2*f = -b - 6, -5*b = -3*f + 4. Let l(d) = -d + 18. Let g be l(0). What is the units digit of (1 + -2)/(b/g)?
9
Let l(b) be the third derivative of -b**6/120 - b**5/15 + b**4/6 - b**3/6 + 5*b**2. Let r be l(-5). Suppose r*x - 4 = 4. What is the units digit of x?
2
Let u(n) = 36*n + 21. Let h be u(7). What is the units digit of 4/(12/h) + -4?
7
Let k(r) = -r. Let a(u) = 16*u - 3. Let f(z) = a(z) + 6*k(z). What is the units digit of f(9)?
7
Let k(z) = -z**2 - 19*z + 24. Let p be k(-20). Suppose -2 = -t - 5, -p*t = -3*d + 393. What is the hundreds digit of d?
1
Let v = -13 - 40. What is the tens digit of -3 - v - -1 - 2?
4
Suppose -2*t - 749 = -5*s - 3036, 0 = 4*t - 2*s - 4534. What is the thousands digit of t?
1
What is the units digit of 50620/18 - (-66)/(-297)?
2
Suppose 0*t = -2*t - 4. Let x = 26 - t. Suppose -x = 3*y - 4*y. What is the units digit of y?
8
Suppose 14*h - 2748 = 9*h - 3*g, 4*h = -5*g + 2201. What is the units digit of h?
9
What is the units digit of ((-9702)/(-55))/((-2)/(-10))?
2
Suppose 0 = -9*h - 132 + 564. Suppose 118 = c - h. What is the hundreds digit of c?
1
Let b(i) = 123*i - 8. Let f be b(6). Suppose 9*h - 14*h + f = 0. What is the tens digit of h?
4
Let q(w) = -w**3 + 2*w - 1. Suppose 0 = -l - l - 6. What is the tens digit of q(l)?
2
Let h(i) be the third derivative of i**5/60 + i**4/8 + 13*i**3/6 - 12*i**2. What is the units digit of h(-9)?
7
Suppose -11*p + 30 + 36 = 0. Suppose -p*x + 2*x + 5*t = -873, -621 = -3*x - 3*t. What is the hundreds digit of x?
2
Suppose -c + 16 = 2. What is the units digit of ((-2508)/133)/((-4)/c)?
6
Suppose -4*z = 4*f - 8, -3*z + 6*z + f - 6 = 0. Suppose 0 = 2*y + r + 1, z*y - 4*y = -5*r - 5. Let b(h) = h**2 + h + 51. What is the tens digit of b(y)?
5
Let v(r) = -r**3 + 12*r**2 - 13*r + 25. Let q be v(11). Suppose b + 232 = q*b. What is the tens digit of b?
1
Let t = 1657 + -691. What is the hundreds digit of t?
9
Let n(s) be the second derivative of -1/20*s**5 - 2*s + 0 + 11/2*s**2 - 7/12*s**4 + 3/2*s**3. What is the units digit of n(-8)?
3
Let d(x) be the second derivative of x**5/20 + 11*x**4/6 - x**3 + 19*x**2 + 14*x. What is the hundreds digit of d(-22)?
1
Let x be (-6)/(-39) - 2/(78/(-3855)). Suppose -12*t + t = -x. What is the units digit of t?
9
Let j be (-125)/(-2)*(24/15)/1. What is the tens digit of j - (2 + -1)/((-4)/8)?
0
Suppose 2*b - 5*b + 2052 = 0. What is the units digit of b?
4
Let l = -691 + 1385. What is the units digit of l?
4
Let l(p) = p**3 + 9*p**2 - 3*p - 7. What is the units digit of l(-4)?
5
What is the hundreds digit of 100/(-20) + 1593 + 0 + 0?
5
Let q = -167 - -315. Suppose q = 3*a - a. Let d = a + -42. What is the tens digit of d?
3
Let t be (-18)/15*1*15. Let j(s) = -124*s**3 + 2*s**2 + 2*s + 1. Let y be j(-1). What is the tens digit of (-3)/t + y/6?
2
Let y be 4/22 - 8/44. Suppose 5*d - 220 = -y*d. Suppose -5*z + 3*z + d = 0. What is the units digit of z?
2
Suppose 26*l - 5642 = 12*l. What is the tens digit of l?
0
Let o(z) = z**3 - 2*z**2 + z + 9. Let i be o(4). What is the tens digit of (-22)/18 - -1 - (-6490)/i?
4
Let p = 6912 + -3547. What is the hundreds digit of p?
3
Suppose 0 = -32*l + 8*l + 80424. What is the thousands digit of l?
3
Suppose 13400 + 18595 = 27*g. What is the thousands digit of g?
1
Suppose 0 = -9*v + 2*b + 18086, -3*v + 0*b + b = -6028. What is the tens digit of v?
1
Suppose 77*m - 98*m = -2940. What is the units digit of m?
0
Suppose 6*h = 3*h. Suppose 2*p + 2*d - 10 = h, 2*p + d - 8 = -0*d. Suppose -y + 14 = -3*v, 4*y = p*y - v + 14. What is the units digit of y?
4
Suppose -277*b + 13536 = -245*b. What is the tens digit of b?
2
Let o(d) = d**2 - 7*d - 20. Let z be o(10). What is the tens digit of (-1 + -35)*z/(-4)?
9
Let g(k) = -k**3 + 34*k**2 - 53*k + 21. What is the thousands digit of g(31)?
1
Suppose 0*j + 2*j + 8 = -5*d, 4*d = j + 4. Suppose -n + d = -5. Suppose -n*f + 50 = -0*f. What is the units digit of f?
0
Let l(c) = c**3 + 8*c**2 + 8*c + 9. Let d = -9 - -2. Let a be l(d). What is the units digit of a/((8/11)/4)?
1
Suppose 108 = 4*i - 3*i. Suppose -2*j = 2*f - 0*f - i, -f = -5*j - 42. Let c = f + -35. What is the units digit of c?
7
Suppose 0 + 3 = -l. Let z be -1*(1 - 0) + (-1 - -3). What is the units digit of 5 + 3/l*z?
4
Let k(h) = -h**3 + 10*h**2 - 2*h + 14. Let w = -19 - -29. Let t be k(w). What is the tens digit of 3/((t/(-8))/3)?
1
What is the tens digit of (8/24)/((-1)/(-1659))?
5
Let p be (-9)/(-6)*16/12. Suppose -14 - p = -2*b. Suppose -3*z + b*z - 25 = 0. What is the units digit of z?
5
Let o(n) be the third derivative of 1/2*n**3 + 0*n + 0 + 4*n**2 + 0*n**4 + 7/60*n**5. What is the units digit of o(-2)?
1
Let x be (-84)/(-18)*(1 - -26). Let d = -77 + x. What is the tens digit of d?
4
Suppose 0*v = 2*v - 54. Let b = 27 - v. Suppose b = -f + g + 11, 0*g + 38 = 4*f - g. What is the units digit of f?
9
Let u(i) = 80*i - 163. What is the units digit of u(15)?
7
Suppose -g + 5*a = -512, 2*g - 1018 - 36 = 4*a. What is the tens digit of g?
3
Suppose -4*c + 89 = z, -5*z - 3*c + 8*c + 395 = 0. Suppose -2*b = u - z, 3*b = 7*b - 4*u - 168. What is the units digit of b?
1
Suppose -9*j + 6447 - 1515 = 0. What is the hundreds digit of j?
5
Let u = -341 - -3470. What is the thousands digit of u?
3
Let d be (9/(-5))/((-1)/5). Suppose -2*g + d = 1. What is the units digit of 24/9*9/g?
6
Suppose 4*s = 140 + 152. Let f = 6 + s. What is the tens digit of f?
7
Let m(f) = f**2 + 11*f + 7. Suppose 4*z + 60 = -v, -3*v - 30 = 2*z - 0. What is the units digit of m(z)?
7
What is the hundreds digit of (-6)/(-39) + ((-27374)/(-26) - -1)?
0
Suppose -10*h - 6252 + 26212 = 0. What is the units digit of h?
6
Suppose 5*k - 127 = c - 24, 3*k - 45 = -5*c. Suppose -3*l = 4 + k. Let r(u) = -u**3 - 7*u**2 + 6*u - 8. What is the units digit of r(l)?
8
Let n be -3*(-2)/14 + (-1359)/(-63). Suppose 0 = -7*t + 99 - n. What is the tens digit of t?
1
Let x(i) be the first derivative of i**2/2 + 3*i + 4. Let p be x(-2). Suppose a - 19 + p = 0. What is the tens digit of a?
1
Let w = 8765 - 5000. What is the hundreds digit of w?
7
Let k(t) = 4*t**2 - 30*t + 31. What is the tens digit of k(15)?
8
Let m = -129 - -110. Let j(a) = -a**2 + 22. Let x be j(0). Let v = x + m. What is the units digit of v?
3
Suppose 5*y + y - 894 = 0. Suppose 3*l - y = 7. What is the tens digit of l?
5
Let m = 67 - -333. What is the tens digit of m/6 + 7/21?
6
Let x be ((-8)/(-10))/((-30)/(-75)). Suppose 7364 = x*v - 0*v. What is the units digit of 4/(-18) + v/126?
9
Let v be (2826/(-4))/((-4)/(12 + -4)). What is the hundreds digit of v/6 - (15/10 - 2)?
2
Let h = 18 - 7. Let k = -7 + h. Suppose -5*n + 98 = k*l - 67, 0 = -n + l + 42. What is the tens digit of n?
3
Let b = 671 + -83. What is the hundreds digit of b?
5
Suppose -3*b + 4*b - 5*q = 2215, -6667 = -3*b + 4*q. What is the hundreds digit of b?
2
Suppose -732 = -2*d + 4*y, -2*d + 5*y = -3*d + 352. What is the units digit of d?
2
Let l = 4 + -1. Suppose 0 = 6*c - 107 - 133. Suppose l*b - 2 = c. What is the tens digit of b?
1
Let x = -17 - -14. What is the units digit of ((27/6)/x)/(6/(-712))?
8
Let c(d) = -d**2 + 11*d + 4. Let f be c(6). Let p = -84 + f. What is the tens digit of (6/4 - 2)*p?
2
Let y(i) = 168*i + 22. What is the hundreds digit of y(5)?
8
Let g(y) = -y**3 + 6*y**2 + 7*y - 9. Let t be g(6). Suppose 0 = -0*w + 3*w - t. Let j = w + 0. What is the units digit of j?
1
Let j = -282 + 615. What is the tens digit of j?
3
Suppose r + 4*g = -16 - 31, -2*g = -2*r - 44. Let p = r - -30. Suppose n - 3*i - 57 = 0, 0 = 2*n - 5*n - p*i 